f 1661.
11, 151
What are the prime factors of 7377?
3, 2459
List the prime factors of 12680.
2, 5, 317
List the prime factors of 20654.
2, 23, 449
What are the prime factors of 10604?
2, 11, 241
What are the prime factors of 12019?
7, 17, 101
What are the prime factors of 26538?
2, 3, 4423
List the prime factors of 5072.
2, 317
List the prime factors of 29771.
7, 4253
What are the prime factors of 13715?
5, 13, 211
List the prime factors of 1423.
1423
List the prime factors of 84067.
84067
What are the prime factors of 30452?
2, 23, 331
What are the prime factors of 7193?
7193
List the prime factors of 1025.
5, 41
What are the prime factors of 14789?
23, 643
List the prime factors of 71140.
2, 5, 3557
What are the prime factors of 12779?
13, 983
List the prime factors of 29797.
83, 359
What are the prime factors of 12357?
3, 1373
List the prime factors of 632.
2, 79
What are the prime factors of 8090?
2, 5, 809
What are the prime factors of 798?
2, 3, 7, 19
What are the prime factors of 27045?
3, 5, 601
What are the prime factors of 22938?
2, 3, 3823
List the prime factors of 6452.
2, 1613
What are the prime factors of 19746?
2, 3, 1097
List the prime factors of 55248.
2, 3, 1151
List the prime factors of 1581.
3, 17, 31
List the prime factors of 796.
2, 199
List the prime factors of 73878.
2, 3, 7, 1759
What are the prime factors of 142586?
2, 71293
What are the prime factors of 3759?
3, 7, 179
List the prime factors of 10889.
10889
What are the prime factors of 6680?
2, 5, 167
What are the prime factors of 6539?
13, 503
List the prime factors of 659.
659
List the prime factors of 43238.
2, 13, 1663
List the prime factors of 982.
2, 491
What are the prime factors of 2634?
2, 3, 439
What are the prime factors of 11078?
2, 29, 191
What are the prime factors of 3477?
3, 19, 61
List the prime factors of 1764.
2, 3, 7
What are the prime factors of 102723?
3, 97, 353
List the prime factors of 3740.
2, 5, 11, 17
List the prime factors of 3126.
2, 3, 521
What are the prime factors of 15824?
2, 23, 43
List the prime factors of 996.
2, 3, 83
List the prime factors of 804.
2, 3, 67
List the prime factors of 104979.
3, 7, 4999
What are the prime factors of 4156?
2, 1039
List the prime factors of 38.
2, 19
List the prime factors of 25009.
89, 281
What are the prime factors of 1152?
2, 3
What are the prime factors of 10892?
2, 7, 389
List the prime factors of 34149.
3, 11383
List the prime factors of 2191.
7, 313
List the prime factors of 42922.
2, 11, 1951
List the prime factors of 2298.
2, 3, 383
What are the prime factors of 49728?
2, 3, 7, 37
List the prime factors of 43.
43
List the prime factors of 141307.
141307
List the prime factors of 12293.
19, 647
List the prime factors of 36547.
7, 23, 227
List the prime factors of 3.
3
List the prime factors of 46821.
3, 15607
List the prime factors of 8678.
2, 4339
List the prime factors of 2091.
3, 17, 41
What are the prime factors of 84301?
7, 12043
What are the prime factors of 25708?
2, 6427
What are the prime factors of 60702?
2, 3, 67, 151
List the prime factors of 1967.
7, 281
List the prime factors of 788.
2, 197
What are the prime factors of 91666?
2, 45833
List the prime factors of 14297.
17, 29
What are the prime factors of 433?
433
What are the prime factors of 568?
2, 71
List the prime factors of 4658.
2, 17, 137
What are the prime factors of 329?
7, 47
What are the prime factors of 3127?
53, 59
List the prime factors of 1556.
2, 389
List the prime factors of 2483.
13, 191
List the prime factors of 17864.
2, 7, 11, 29
List the prime factors of 17228.
2, 59, 73
What are the prime factors of 52443?
3, 5827
List the prime factors of 1441.
11, 131
List the prime factors of 55398.
2, 3, 7, 1319
List the prime factors of 64809.
3, 19, 379
List the prime factors of 1035.
3, 5, 23
What are the prime factors of 23854?
2, 11927
List the prime factors of 286.
2, 11, 13
List the prime factors of 36219.
3, 12073
List the prime factors of 958.
2, 479
List the prime factors of 7163.
13, 19, 29
List the prime factors of 15885.
3, 5, 353
What are the prime factors of 8950?
2, 5, 179
List the prime factors of 32887.
32887
List the prime factors of 2104.
2, 263
List the prime factors of 709.
709
List the prime factors of 24429.
3, 17, 479
What are the prime factors of 768?
2, 3
What are the prime factors of 4947?
3, 17, 97
What are the prime factors of 9582?
2, 3, 1597
What are the prime factors of 2490?
2, 3, 5, 83
What are the prime factors of 1971?
3, 73
What are the prime factors of 93261?
3, 7, 4441
List the prime factors of 11138.
2, 5569
List the prime factors of 42245.
5, 7, 17, 71
List the prime factors of 571.
571
What are the prime factors of 763?
7, 109
List the prime factors of 284.
2, 71
List the prime factors of 10378.
2, 5189
List the prime factors of 23461.
29, 809
List the prime factors of 361.
19
List the prime factors of 1095.
3, 5, 73
List the prime factors of 95.
5, 19
List the prime factors of 41148.
2, 3, 127
What are the prime factors of 30406?
2, 23, 661
What are the prime factors of 457?
457
What are the prime factors of 95359?
11, 8669
List the prime factors of 9611.
7, 1373
What are the prime factors of 6890?
2, 5, 13, 53
List the prime factors of 1107.
3, 41
List the prime factors of 4799.
4799
What are the prime factors of 711?
3, 79
What are the prime factors of 9499?
7, 23, 59
What are the prime factors of 755?
5, 151
What are the prime factors of 1013?
1013
List the prime factors of 2481.
3, 827
List the prime factors of 46026.
2, 3, 2557
List the prime factors of 14835.
3, 5, 23, 43
What are the prime factors of 2915?
5, 11, 53
List the prime factors of 3385.
5, 677
What are the prime factors of 6246?
2, 3, 347
What are the prime factors of 1282?
2, 641
What are the prime factors of 82815?
3, 5, 5521
What are the prime factors of 11282?
2, 5641
List the prime factors of 6238.
2, 3119
List the prime factors of 7839.
3, 13, 67
What are the prime factors of 5270?
2, 5, 17, 31
What are the prime factors of 145805?
5, 11, 241
List the prime factors of 2896.
2, 181
List the prime factors of 86.
2, 43
List the prime factors of 25676.
2, 7, 131
What are the prime factors of 6125?
5, 7
List the prime factors of 3828.
2, 3, 11, 29
List the prime factors of 1503.
3, 167
List the prime factors of 116951.
107, 1093
What are the prime factors of 1526?
2, 7, 109
List the prime factors of 979.
11, 89
What are the prime factors of 16438?
2, 8219
What are the prime factors of 3932?
2, 983
What are the prime factors of 2575?
5, 103
What are the prime factors of 3190?
2, 5, 11, 29
List the prime factors of 2698.
2, 19, 71
List the prime factors of 48515.
5, 31, 313
What are the prime factors of 99443?
277, 359
List the prime factors of 57755.
5, 11551
List the prime factors of 15190.
2, 5, 7, 31
What are the prime factors of 22652?
2, 7, 809
What are the prime factors of 1954?
2, 977
What are the prime factors of 12941?
12941
List the prime factors of 11106.
2, 3, 617
What are the prime factors of 6519?
3, 41, 53
What are the prime factors of 4934?
2, 2467
List the prime factors of 65.
5, 13
What are the prime factors of 56929?
56929
List the prime factors of 625.
5
What are the prime factors of 377?
13, 29
What are the prime factors of 3719?
3719
What are the prime factors of 1851?
3, 617
List the prime factors of 41208.
2, 3, 17, 101
What are the prime factors of 223?
223
What are the prime factors of 57347?
57347
List the prime factors of 31021.
67, 463
List the prime factors of 3698.
2, 43
List the prime factors of 18100.
2, 5, 181
List the prime factors of 1146.
2, 3, 191
What are the prime factors of 12063?
3, 4021
List the prime factors of 83159.
137, 607
What are the prime factors of 32790?
2, 3, 5, 1093
List the prime factors of 4017.
3, 13, 103
List the prime factors of 327.
3, 109
List the prime factors of 2273.
2273
What are the prime factors of 1694?
2, 7, 11
What are the prime factors of 1789?
1789
List the prime factors of 2695.
5, 7, 11
What are the prime factors of 4525?
5, 181
What are the prime factors of 22079?
22079
List the prime factors of 4253.
4253
List the prime factors of 55032.
2, 3, 2293
List the prime factors of 9047.
83, 109
What are the prime factors of 42719?
42